{"id":692,"date":"2017-06-07T14:43:34","date_gmt":"2017-06-07T14:43:34","guid":{"rendered":"http:\/\/www.venetabiskoteri.com\/?post_type=product&#038;p=692"},"modified":"2018-12-29T16:46:58","modified_gmt":"2018-12-29T16:46:58","slug":"krostate-me-fruta-pylli","status":"publish","type":"product","link":"https:\/\/www.venetabiskoteri.com\/index.php\/produkt\/krostate-me-fruta-pylli\/","title":{"rendered":"Krostate me fruta pylli"},"content":{"rendered":"","protected":false},"excerpt":{"rendered":"<p>&#8220;Veneta Biskoteri&#8221; vjen n\u00eb tregun shqiptar dhe jo vetem, me nje shumellojshmeri produktesh cilesore dhe me cmime fantastike. Biskota , amareta dhe embelsira unike, t\u00eb prodhuara sipas standarteve m\u00eb t\u00eb larta ,p\u00ebr t\u00eb ofruar p\u00ebrhere m\u00eb t\u00eb mir\u00ebn p\u00ebr klient\u00ebt e saj.<\/p>\n","protected":false},"featured_media":696,"comment_status":"closed","ping_status":"closed","template":"","meta":[],"product_brand":[],"product_cat":[28],"product_tag":[],"class_list":{"0":"post-692","1":"product","2":"type-product","3":"status-publish","4":"has-post-thumbnail","6":"product_cat-krostate","7":"description-off","9":"first","10":"instock","11":"shipping-taxable","12":"product-type-simple"},"_links":{"self":[{"href":"https:\/\/www.venetabiskoteri.com\/index.php\/wp-json\/wp\/v2\/product\/692","targetHints":{"allow":["GET"]}}],"collection":[{"href":"https:\/\/www.venetabiskoteri.com\/index.php\/wp-json\/wp\/v2\/product"}],"about":[{"href":"https:\/\/www.venetabiskoteri.com\/index.php\/wp-json\/wp\/v2\/types\/product"}],"replies":[{"embeddable":true,"href":"https:\/\/www.venetabiskoteri.com\/index.php\/wp-json\/wp\/v2\/comments?post=692"}],"wp:featuredmedia":[{"embeddable":true,"href":"https:\/\/www.venetabiskoteri.com\/index.php\/wp-json\/wp\/v2\/media\/696"}],"wp:attachment":[{"href":"https:\/\/www.venetabiskoteri.com\/index.php\/wp-json\/wp\/v2\/media?parent=692"}],"wp:term":[{"taxonomy":"product_brand","embeddable":true,"href":"https:\/\/www.venetabiskoteri.com\/index.php\/wp-json\/wp\/v2\/product_brand?post=692"},{"taxonomy":"product_cat","embeddable":true,"href":"https:\/\/www.venetabiskoteri.com\/index.php\/wp-json\/wp\/v2\/product_cat?post=692"},{"taxonomy":"product_tag","embeddable":true,"href":"https:\/\/www.venetabiskoteri.com\/index.php\/wp-json\/wp\/v2\/product_tag?post=692"}],"curies":[{"name":"wp","href":"https:\/\/api.w.org\/{rel}","templated":true}]}}